{"id":144,"date":"2016-02-03T10:03:06","date_gmt":"2016-02-03T09:03:06","guid":{"rendered":"http:\/\/www.klimaanlage.info\/?page_id=144"},"modified":"2018-03-26T13:21:28","modified_gmt":"2018-03-26T11:21:28","slug":"inverter-klimageraet","status":"publish","type":"page","link":"https:\/\/wp.klimaworld.com\/klimaanlage\/inverter-klimageraet\/","title":{"rendered":"Inverter Klimager\u00e4t"},"content":{"rendered":"<p>Die Technologie hat in den letzten Jahrzehnten einen gro\u00dfen Schritt in Richtung Innovation und Umweltbewusstsein erklommen. Auch die Weiterentwicklung in puncto Klimatechnik l\u00e4sst sich kaum aufhalten. Im Vergleich zu herk\u00f6mmlichen Klimager\u00e4ten ist die <strong>Invertertechnologie<\/strong> in modernen Klimaanlagen ein gut durchdachtes Feature, das man sich einmal genauer unter die Klimabrille nehmen sollte.<\/p>\n<h2>Doch was bedeutet Invertertechnik eigentlich?<\/h2>\n<p>Standardklimaanlagen sind im st\u00e4ndigen Betrieb und haben somit keine Chance eine intelligente Regulierung des Stromverbrauchs zu schaffen. Anders ist es in der Inverter Technik, sobald die gew\u00fcnschte Temperatur in einem Raum erreicht ist, schaltet sich die Klimaanlage aus, regelt sich jedoch wieder hoch, wenn die Temperatur zu warm ist. Diese Invertertechnologie verl\u00e4uft stufenlos und reguliert damit nicht nur Ihrem Stromverbrauch ganz automatisch. Wie gewohnt k\u00f6nnen auch Inverter Klimaanlagen die Funktionen des Heizens und K\u00fchlens voll und ganz erf\u00fcllen, um eine optimale und saubere Raumluft zu schaffen.<\/p>\n<h3>Aufbau der Inverter Technologie<\/h3>\n<p>Auch bei dieser Form der Klimatisierung handelt es sich um <a href=\"http:\/\/www.klimaanlage.info\/split-klimaanlage\/\">Split Klimaanlage<\/a>, also bestehend aus einer Au\u00dfeneinheit und einem Innenger\u00e4t. Die Inneneinheiten sind wieder in unterschiedlichen Ausf\u00fchrungen erh\u00e4ltlich, wie: Truhenklimaanlage oder Kassetten Split Technik. Die Verwendung ist \u00e4hnlich wie bei Wand-, Standklimaanlagen oder Deckenkonstruktionen m\u00f6glich.<\/p>\n<div id=\"attachment_148\" style=\"width: 310px\" class=\"wp-caption aligncenter\"><img loading=\"lazy\" decoding=\"async\" aria-describedby=\"caption-attachment-148\" class=\"wp-image-148 size-medium\" src=\"http:\/\/wp.klimaworld.com\/klimaanlage\/wp-content\/uploads\/sites\/2\/2016\/02\/inverter_midea_teile-1-300x161.jpg\" alt=\"Midea Inverter \" width=\"300\" height=\"161\" srcset=\"https:\/\/wp.klimaworld.com\/klimaanlage\/wp-content\/uploads\/sites\/2\/2016\/02\/inverter_midea_teile-1-300x161.jpg 300w, https:\/\/wp.klimaworld.com\/klimaanlage\/wp-content\/uploads\/sites\/2\/2016\/02\/inverter_midea_teile-1-260x139.jpg 260w, https:\/\/wp.klimaworld.com\/klimaanlage\/wp-content\/uploads\/sites\/2\/2016\/02\/inverter_midea_teile-1-50x27.jpg 50w, https:\/\/wp.klimaworld.com\/klimaanlage\/wp-content\/uploads\/sites\/2\/2016\/02\/inverter_midea_teile-1-149x80.jpg 149w, https:\/\/wp.klimaworld.com\/klimaanlage\/wp-content\/uploads\/sites\/2\/2016\/02\/inverter_midea_teile-1.jpg 549w\" sizes=\"(max-width: 300px) 100vw, 300px\" \/><p id=\"caption-attachment-148\" class=\"wp-caption-text\">Mehrere Ersatz- und Bauteile (zum Beispiel Ventilator, L\u00fcfterteile, Metallteile) sind f\u00fcr 60% der Serien universell einsetzbar.<\/p><\/div>\n<p>Bei der Truhenklimaanlage DC Inverter aus dem Hause Midea wird erneut ein komfortables Paket angeboten. Eine integrierte Kondensatpumpe spart weitere Kosten und das Au\u00dfenger\u00e4t enth\u00e4lt bereits Anschlussst\u00fccken f\u00fcr die Schnellkopplung. Die Verbindung der beiden Einheiten des Mono Split Ger\u00e4ts erfolgt wie gewohnt \u00fcber eine K\u00e4ltemittelleitung mit R410A.<\/p>\n<p>Ist die Raumtemperatur viel zu hoch\/zu niedrig k\u00f6nnen Klimaanlagen mit Invertertechnologie sehr schnell reagieren, da sie wahre Kraftpakete sind. Sobald die Wunschtemperatur erreicht ist, reguliert das Klimager\u00e4t sich automatisch runter, ist dies nicht der Fall, wird fein nachjustiert \u2013 stufenlos, fast ger\u00e4uschlos und somit umweltbewusst.<\/p>\n<div id=\"attachment_153\" style=\"width: 310px\" class=\"wp-caption aligncenter\"><img loading=\"lazy\" decoding=\"async\" aria-describedby=\"caption-attachment-153\" class=\"size-medium wp-image-153\" src=\"http:\/\/wp.klimaworld.com\/klimaanlage\/wp-content\/uploads\/sites\/2\/2016\/02\/inverter_midea_turbo-1-300x172.jpg\" alt=\"inverter midea turbofunktion\" width=\"300\" height=\"172\" srcset=\"https:\/\/wp.klimaworld.com\/klimaanlage\/wp-content\/uploads\/sites\/2\/2016\/02\/inverter_midea_turbo-1-300x172.jpg 300w, https:\/\/wp.klimaworld.com\/klimaanlage\/wp-content\/uploads\/sites\/2\/2016\/02\/inverter_midea_turbo-1-255x146.jpg 255w, https:\/\/wp.klimaworld.com\/klimaanlage\/wp-content\/uploads\/sites\/2\/2016\/02\/inverter_midea_turbo-1-50x29.jpg 50w, https:\/\/wp.klimaworld.com\/klimaanlage\/wp-content\/uploads\/sites\/2\/2016\/02\/inverter_midea_turbo-1-140x80.jpg 140w, https:\/\/wp.klimaworld.com\/klimaanlage\/wp-content\/uploads\/sites\/2\/2016\/02\/inverter_midea_turbo-1.jpg 535w\" sizes=\"(max-width: 300px) 100vw, 300px\" \/><p id=\"caption-attachment-153\" class=\"wp-caption-text\">Mit der Turbo Funktion k\u00f6nnen R\u00e4ume in k\u00fcrzester Zeit gek\u00fchlt oder gew\u00e4rmt werden<\/p><\/div>\n<p>Doch die Invertertechnologie h\u00e4lt noch weitere Features f\u00fcr die Liebhaber sauberer Luft bereit.\u00a0 Viele <strong>Inverter Klimaanlagen<\/strong> enthalten eine Turbo Funktion, mit dessen Hilfe die Wunschtemperatur in k\u00fcrzester Zeit erreicht werden kann. Auch gibt es einen Nachtmodus: hierbei wird die Raumtemperatur jede Stunde um einen Grad heruntergek\u00fchlt, nach f\u00fcnf st\u00fcndiger gleich bleibender Temperatur schaltet sich das Ger\u00e4t wieder ein, um ein optimales Raumklima zu schaffen.<\/p>\n<p>Auf den ersten Blick wirken <strong>Klimaanlagen mit Invertertechnologie<\/strong> kostenintensiver als herk\u00f6mmliche Klimager\u00e4te oder andere Split Ger\u00e4te. Jedoch sollte man immer im Hinterkopf behalten, dass <strong>Inverter Klimaanlagen<\/strong> im Vergleich zu Standard Klimager\u00e4ten nur die <strong>H\u00e4lfte der Zeit<\/strong> ben\u00f6tigen um einen Raum zu Heizen\/K\u00fchlen. Und das werden Sie an den <strong>Betriebskosten<\/strong> und am <strong>Energieverbrauch<\/strong> deutlich sp\u00fcren.<\/p>\n<p>Mit Hilfe des <a href=\"http:\/\/www.klimaanlage.info\/klimarechner\/\">Klimarechners<\/a> finden Sie die passenden Ger\u00e4te f\u00fcr Ihre R\u00e4ume.<\/p>\n","protected":false},"excerpt":{"rendered":"<p>Die Technologie hat in den letzten Jahrzehnten einen gro\u00dfen Schritt in Richtung Innovation und Umweltbewusstsein erklommen. Auch die Weiterentwicklung in puncto Klimatechnik l\u00e4sst sich kaum aufhalten. [&hellip;]<\/p>\n","protected":false},"author":2,"featured_media":0,"parent":0,"menu_order":0,"comment_status":"closed","ping_status":"closed","template":"","meta":{"footnotes":""},"_links":{"self":[{"href":"https:\/\/wp.klimaworld.com\/klimaanlage\/wp-json\/wp\/v2\/pages\/144"}],"collection":[{"href":"https:\/\/wp.klimaworld.com\/klimaanlage\/wp-json\/wp\/v2\/pages"}],"about":[{"href":"https:\/\/wp.klimaworld.com\/klimaanlage\/wp-json\/wp\/v2\/types\/page"}],"author":[{"embeddable":true,"href":"https:\/\/wp.klimaworld.com\/klimaanlage\/wp-json\/wp\/v2\/users\/2"}],"replies":[{"embeddable":true,"href":"https:\/\/wp.klimaworld.com\/klimaanlage\/wp-json\/wp\/v2\/comments?post=144"}],"version-history":[{"count":2,"href":"https:\/\/wp.klimaworld.com\/klimaanlage\/wp-json\/wp\/v2\/pages\/144\/revisions"}],"predecessor-version":[{"id":325,"href":"https:\/\/wp.klimaworld.com\/klimaanlage\/wp-json\/wp\/v2\/pages\/144\/revisions\/325"}],"wp:attachment":[{"href":"https:\/\/wp.klimaworld.com\/klimaanlage\/wp-json\/wp\/v2\/media?parent=144"}],"curies":[{"name":"wp","href":"https:\/\/api.w.org\/{rel}","templated":true}]}}